(1 - 1) + (0 - 1)
-2
What is -4 - ((1 - -4) + 3) - 0?
-12
What is the value of 11 + 9 + -20 + -7 + (0 - -18)?
11
16 + (0 - 28) + 21
9
What is the value of (15 - 62 - -23) + 17?
-7
Evaluate (-4 - 1) + (14 + 7 - 15) - -6.
7
Evaluate -10 - (19 + (2 - (19 - 11))).
-23
0 + (21 + -26 - -8)
3
-30 + 69 + -6 + -29
4
-2 - (4 + 1 + -13) - 2
4
Calculate (21 - 4 - -4) + -48.
-27
Calculate 15 - (10 + (-26 - -19)).
12
Evaluate -15 - (13 + (-2 - 1) - (29 + -11)).
-7
What is the value of (4 - -19) + 15 + -17 + 7 - 9?
19
3 + (12 - 11) + -7 + -9
-12
Evaluate 7 - (-4 - (2 - 29)).
-16
What is -2 - (15 + -26 - -3) - 7?
-1
What is the value of -10 + (-1 - (12 + -23))?
0
(16 - 23) + -6 - -4
-9
Calculate -3 + -1 - (1 + -19 - (-17 + 12)).
9
What is the value of -9 + (-11 - ((8 - -4) + (-4 - 8)))?
-20
What is the value of 11 + (6 - 34) + -1 + 1?
-17
Calculate (-68 - -78) + (-1 - 8) + 11.
12
-15 + 23 - (-3 + 1 - -4 - -9)
-3
Evaluate -8 - ((-1 - 7) + 3 + -2).
-1
Evaluate 51 - (-29 - -43) - 24.
13
What is the value of 13 + (-21 - -14) - 9?
-3
Evaluate -22 - ((-5 - 8) + -1).
-8
Calculate -143 + 131 - (1 + -2).
-11
Calculate -30 - (-76 + 28 - -10).
8
What is the value of 3 - (9 + 3 + -7)?
-2
What is (0 - 29) + 14 + 3?
-12
-28 + (32 - 14) - (2 + -1)
-11
What is the value of -16 + -27 + 20 + 18?
-5
Calculate (-7 - (-1 - -7)) + 4 - 7.
-16
What is the value of -4 + 2 + 24 - 14 - -13?
21
What is the value of -16 + (0 - (-11 + (-2 - -9)))?
-12
Evaluate 48 - (-7 - -17 - -7) - 10.
21
15 + 0 - (-25 + -28 + 67)
1
What is the value of 10 - -24 - 3 - 17?
14
Calculate (-8 - -5) + -1 - (-7 - (-14 + 6)).
-5
What is (-16 - -23 - (-5 + 4)) + -21?
-13
What is the value of (-13 - -4) + 16 - (3 - (6 - 2))?
8
What is -5 + 9 - -24 - 1?
27
What is the value of 16 - (-14 + -6 + 26)?
10
(0 - 12) + -152 + 148
-16
4 + (-11 - (-6 + 1)) - (-10 + 0)
8
Calculate 33 + -28 + -20 + 20.
5
(22 - 12) + -21 - (-4 + -34)
27
What is the value of 1 - ((11 - 10) + 3) - (0 + -2)?
-1
Calculate (-2 - 4) + -33 + 31 + 17 + -4.
5
What is 16 - (18 - 16 - -23)?
-9
Evaluate -4 - ((-2 - (4 - 10)) + -10 - -2).
0
Evaluate (8 - -2 - 2) + (-2 - (-28 - -20)).
14
7 + -2 + 1 - 7
-1
26 + -22 + (0 - -2 - -11)
17
What is the value of (-8 - 0) + (56 - 57)?
-9
Evaluate 19 - (-4 - (12 + -13)) - (3 + -1).
20
What is 88 + -79 + (-4 + -27 - -1)?
-21
Evaluate -259 + 230 - (-3 + -3 + 5).
-28
18 + -20 + 15 + 2 + -1
14
-23 + 8 + 21 + -8 + (1 - 0)
-1
What is -5 + (16 - 21) + (4 - -2)?
-4
What is 7 - (2 - (-3 + -13) - 1)?
-10
Evaluate 11 + (-10 - (16 - 15)).
0
10 + 0 + (0 - 5) + 2 - -10
17
What is -60 - -52 - (-13 - 1)?
6
What is the value of -17 - (-23 + 13) - 22 - -11?
-18
What is (-9 + (0 - -9) - -8) + 3?
11
-2 + (10 - (-1 + 14) - (0 + 2))
-7
What is -6 + 2 - 5 - (1 - 3) - -5?
-2
-7 - (7 + -19) - -3 - (-1 + -8)
17
Evaluate (62 - 17) + -1 + -32.
12
What is the value of 0 + -7 - (-14 - (-1 + -4))?
2
Evaluate 7 + -20 - (-26 - -18).
-5
What is the value of (0 - -1) + (-32 - -11) - (-220 + 212)?
-12
What is the value of 53 + 1 - (-303 + 332)?
25
What is 25 + -22 - (21 + -5)?
-13
What is the value of (2 - -1) + (11 - 18) + (29 - 19)?
6
What is the value of -5 - (-13 + 13) - (-2 - -2) - 8?
-13
What is the value of (1 - 9) + (-8 - (-2 + -16))?
2
Calculate 36 + 28 + -63 - 26.
-25
(0 - -22) + -29 + 13
6
Evaluate 10 + (-52 - -19) + 12.
-11
Evaluate (62 - 55) + -2 + 3.
8
Evaluate (-8 + 18 - 6) + 6.
10
(75 - 70) + (-3 - -2) + -11 + 1
-6
What is (-153 - -142) + 21 + -2?
8
What is the value of -16 + 0 + 7 + (-8 - (-8 + 1))?
-10
What is the value of -8 - (11 + -4) - -7?
-8
(-14 - (-8 - 2)) + 15
11
Calculate -25 + 3 + 18 - (1 + 7).
-12
What is the value of -15 - (13 - 19) - -22?
13
What is the value of (5 - (-19 - (-3 - 6))) + (-2 - 2)?
11
Evaluate (-5 - (-4 + 7 + -12)) + (9 - 22).
-9
0 + 8 + (-10 - (14 + -19 - -17))
-14
What is 1 - (-1 - -9) - (-63 - -68)?
-12
-4 + -2 - (6 - (3 + 5) - 5)
1
(4 - (-5 - -12) - 3) + -8 + 0
-14
-13 - (8 + -36 - -15)
0
What is -2 - -11 - (12 - (9 + -3))?
3
Calculate -2 + 8 - (-24 + 9 + 12 - 21).
30
Evaluate (1 - 2) + (15 - -4) + -11.
7
Evaluate 16 - (3 + -13 + 17 + 5).
4
What is -7 - ((-8 - (-13 + 3) - 10) + 5)?
-4
What is (-1 - ((6 - 2) + 3)) + -15 + 6?
-17
Evaluate (17 - (-4 + 21)) + -10.
-10
(-28 - -19) + 6 + -3 + 3 + 10
7
Calculate 15 - (4 - 4) - 12.
3
Calculate 9 + 9 + -9 + -10.
-1
-2 + -34 + (-2 - -2) + 10
-26
-194 + 195 - ((2 - (0 - 2)) + -13)
10
-5 + 20 + 6 + 4 + -8
17
-11 - (8 + 13 + -17 - -3)
-18
-9 - (0 + -12 - -7 - 4)
0
(-2 - (-14 + 11)) + 2
3
What is (-30 + 17 - -10) + 25?
22
What is 15 + (16 - 33) + (16 - 2 - -2)?
14
What is (6 - (15 + -6 + -2)) + (0 - 6)?
-7
What is (0 + -2 - (-57 - -68)) + 30?
17
Calculate -9 + (44 - 2) + -19.
14
Calculate 1 - (-35 + 81) - -27.
-18
(-2 - (1 + 1) - (89 + -90)) + 7
4
Evaluate 14 - (16 + 13 - 9).
-6
What is the value of -471 - -479 - (43 + 1 - (-3 + 2))?
-37
Evaluate 0 + 6 + -1 + (3 - (-13 - -4)).
17
Calculate (-24 - -13) + 6 + (6 + 0 - -1).
2
What is -3 - -5 - (33 - 43)?
12
What is -9 + -4 + 3 + 38 + -8 + -1?
19
-4 + -9 + -2 + 10 + 15
10
-8 + 13 + -11 - (-5 + (-2 - -4))
-3
What is the value of 17 - (-14 - (2 + -14) - -13)?
6
15 - (16 - -1) - 3
-5
Calculate -16 + -1 + -5 - -27.
5
Calculate 13 + (-10 - 1 - (-264 + 260)).
6
What is the value of -4 + (-15 - -14) - -12?
7
Evaluate (-110 - -154) + (8 - 25).
27
Evaluate 6 - (7 - (-23 - (4 + -17 + 11))).
-22
(-29 - -79 - 24) + 5
31
1 + 0 + -10 - (651 + -666)
6
1 - 5 - (-13 - (9 - (-11 + 12)))
17
Evaluate (-17 + 10 - -11) + -1.
3
What is 24 + -14 + (-14 - -18) - 11?
3
(-42 - -51) + (1 - 1) + -2
7
(19 - (26 - 9)) + -9
-7
Evaluate 8 + -2 - 14 - 5.
-13
-7 + -18 + 23 - (0 - 0)
-2
What is the value of -7 + (-2 - -13) + (0 - (3 + 2))?
-1
Evaluate 1 + (-2 - (-1 - -1 - 8) - -10).
17
Evaluate -3 + 6 + -2 - (-5 + 3 + 2).
1
Calculate -19 + -16 + (1 - -19).
-15
-11 + (30 + 5 - 6)
18
Evaluate 7 - (-20 - -22) - (-1 - 0).
6
-13 - ((1 - -10) + (37 + -19 - 19))
-23
Evaluate 1738 - 1727 - (-4 + 1).
14
Evaluate (-5 + -2 - -7 - (1 + 1)) + -4.
-6
1 + -2 + 7 - (243 + -239)
2
What is -1 - 5 - ((18 - 11) + (-4 - -2))?
-11
What is the value of 1 - ((6 - -3) + 2)?
-10
What is the value of 13 - (15 - 11 - -23)?
-14
5 - ((3 - 3) + (11 - (1 + 4)))
-1
What is -2 + -2 + -30 + 12 + 19?
-3
-33 - -18 - (-16 - -14)
-13
(-33 - -2 - -4) + 2 + (59 - 55)
-21
Calculate -4 - -1 - (-8 - -8) - (-21 + 16).
2
What is the value of 3 - (8 - 11 - -4)?
2
What is the value of -9 - (-24 + (-3 - -7))?
11
Evaluate (3 - 8) + (1 - 3) + 32 + -8.
17
Evaluate 20 + -54 - (4 + -4 - 14).
-20
What is the value of -20 + (-3 - ((8 + -5 - 5) + -5))?
-16
What is -91 + 89 + 0 + -9?
-11
-17 + (20 - -30) - 18
15
-5 + 1 + -8 + (1 - (5 - 13))
-3
What is the value of (-340 - -332) + (1 - (-23 - 2))?
18
Evaluate 7 + ((-15 - 8) + 6 + 2 - 5).
-13
What is the value of 14 + -1 + -13 - -16 - 3?
13
What is the value of 5 - -3 - (170 - 139)?
-23
Calculate -8 - (-5 + -24 + 9).
12
11 + -3 + -36 + 8 + -14 + 15
-19
What is the value of 1 + 15 + 109 + -144?
-19
What is -8 + -12 - (-11 - -4)?
-13
What is the value of (293 - 274) + (-31 - 1)?
-13
What is the value of -13 - (-11 + (-8 - -7))?
-1
Calculate -11 + -1 + 8 - -6.
2
What is the value of 1 + (21 - 1) - (-49 + 14 + 34)?
22
Calculate (1 - -6) + -15 + 16 - 4.
4
Calculate -14 + -2 + 1 + -4 + 1 + 3.
-15
-2 + (7 - -3) - (-4 + (-6 - -6))
12
What is (-4 - (0 + 0)) + (-10 + 19 - 11)?
-6
Evaluate 0 - (8 + (-2 - -7)).
-13
What is the value of 1 + 5 - (21 + (-3 + -1 - -2))?
-13
1 + 1 - 2 - (7 + (-6 - 1))
0
24 - (-3 - (-14 + 9))
22
What is (10 + (-8 - -12) + -6 - 10) + 4?
2
-43 + 25 + -3 - -15
-6
What is the value of (4 - (1 - 0)) + (-102 + 78 - -18)?
-3
What is the value of (18 + -13 - 2) + (-10 - (-5 - -3))?
-5
What is the value of 3 - ((3 - (11 + (-1 - 2))) + 3)?
5
Calculate 5 + 1 - 0 - ((2 - -8) + -6).
2
Calculate 39 + -52 - ((3 - 0 - 12) + 3).
-7
Calculate 21 + 1 - (67 + -58).
13
Evaluate -39 + (-7 + -1 - (250 + -270)).
-27
0 - 1 - (-43 + 20)
22
What is the value of -10 + (-1 - 0) + (-33 - -40)?
-4
Evaluate (1 - (-1 - -1)) + (24 - (9 + 1)).
15
Evaluate (-13 - (17 - 53)) + -13.
10
Evaluate 36 - (60 + -28) - (3 - -1).
0
What is 5 + (2 - -11 - 17)?
1
What is the value of 4 - ((-2 - -1) + 3 + 29 + -15)?
-12
What is -13 + (22 - 20) + 4 + 4 + 1?
-2
What is (12 - ((-7 - 7) + 16)) +